{"id":2485,"date":"2023-09-07T10:42:08","date_gmt":"2023-09-07T08:42:08","guid":{"rendered":"https:\/\/www.bbs-alfeld.eu\/?page_id=2485"},"modified":"2024-03-08T13:14:35","modified_gmt":"2024-03-08T12:14:35","slug":"foerderverein","status":"publish","type":"page","link":"https:\/\/www.bbs-alfeld.eu\/index.php\/foerderverein\/","title":{"rendered":"F\u00f6rderverein"},"content":{"rendered":"\n<figure class=\"wp-block-image size-large is-style-default\"><img loading=\"lazy\" decoding=\"async\" width=\"1024\" height=\"768\" src=\"https:\/\/www.bbs-alfeld.eu\/wp-content\/uploads\/2023\/11\/Gruppenfoto-1024x768.jpg\" alt=\"\" class=\"wp-image-2543\" srcset=\"https:\/\/www.bbs-alfeld.eu\/wp-content\/uploads\/2023\/11\/Gruppenfoto-1024x768.jpg 1024w, https:\/\/www.bbs-alfeld.eu\/wp-content\/uploads\/2023\/11\/Gruppenfoto-300x225.jpg 300w, https:\/\/www.bbs-alfeld.eu\/wp-content\/uploads\/2023\/11\/Gruppenfoto-768x576.jpg 768w, https:\/\/www.bbs-alfeld.eu\/wp-content\/uploads\/2023\/11\/Gruppenfoto-1536x1153.jpg 1536w, https:\/\/www.bbs-alfeld.eu\/wp-content\/uploads\/2023\/11\/Gruppenfoto.jpg 1599w\" sizes=\"auto, (max-width: 1024px) 100vw, 1024px\" \/><\/figure>\n\n\n\n<p>Der F\u00f6rderverein BBS Alfeld e. V. spielt eine wichtige Rolle bei der Entwicklung der Berufsbildende Schule Alfeld (Leine), indem wir Ressourcen, Kompetenzen und authentische Erfahrungen aus allen Bereichen des gesellschaftlichen Lebens in die Schule bringen. Unsere Arbeit verbessert die Integration von Sch\u00fclerinnen und Sch\u00fclern aller Nationen. Schule schafft Chancen f\u00fcr ALLE!<\/p>\n\n\n\n<p>Als Verein sind wir das Bindeglied zwischen Schule und anderen Bereichen gesellschaftlichen und wirtschaftlichen Lebens in der Region Alfeld. Das erm\u00f6glicht uns Sch\u00fclerinnen und Sch\u00fclern Zugang zu Personen und Einrichtungen zu verschaffen, die sie sonst nicht h\u00e4tten.<\/p>\n\n\n\n<p>F\u00f6rderverein BBS Alfeld e. V. \u2013 ein Gewinn f\u00fcr ALLE!<\/p>\n\n\n\n<h3 class=\"wp-block-heading\">Downloads<\/h3>\n\n\n<div class='w3eden'><!-- WPDM Link Template: Default Template -->\n\n<div class=\"link-template-default card mb-2\">\n    <div class=\"card-body\">\n        <div class=\"media\">\n            <div class=\"mr-3 img-48\"><img decoding=\"async\" class=\"wpdm_icon\" alt=\"Icon\" src=\"https:\/\/www.bbs-alfeld.eu\/wp-content\/plugins\/download-manager\/assets\/file-type-icons\/pdf.svg\" \/><\/div>\n            <div class=\"media-body\">\n                <h3 class=\"package-title\"><a href='https:\/\/www.bbs-alfeld.eu\/index.php\/download\/satzung-foerderverein\/'>Satzung F\u00f6rderverein<\/a><\/h3>\n                <div class=\"text-muted text-small\"><i class=\"fas fa-copy\"><\/i> 1 Datei(en) <i class=\"fas fa-hdd ml-3\"><\/i> 160.26 KB<\/div>\n            <\/div>\n            <div class=\"ml-3\">\n                <a class='wpdm-download-link download-on-click btn btn-primary ' rel='nofollow' href='#' data-downloadurl=\"https:\/\/www.bbs-alfeld.eu\/index.php\/download\/satzung-foerderverein\/?wpdmdl=2490&refresh=69e05e127a82a1776311826\">Download<\/a>\n            <\/div>\n        <\/div>\n    <\/div>\n<\/div>\n\n<\/div>\n\n\n<div class='w3eden'><!-- WPDM Link Template: Default Template -->\n\n<div class=\"link-template-default card mb-2\">\n    <div class=\"card-body\">\n        <div class=\"media\">\n            <div class=\"mr-3 img-48\"><img decoding=\"async\" class=\"wpdm_icon\" alt=\"Icon\" src=\"https:\/\/www.bbs-alfeld.eu\/wp-content\/plugins\/download-manager\/assets\/file-type-icons\/pdf.svg\" \/><\/div>\n            <div class=\"media-body\">\n                <h3 class=\"package-title\"><a href='https:\/\/www.bbs-alfeld.eu\/index.php\/download\/antrag-mitgliedschaft\/'>Antrag Mitgliedschaft<\/a><\/h3>\n                <div class=\"text-muted text-small\"><i class=\"fas fa-copy\"><\/i> 1 Datei(en) <i class=\"fas fa-hdd ml-3\"><\/i> 1.32 MB<\/div>\n            <\/div>\n            <div class=\"ml-3\">\n                <a class='wpdm-download-link download-on-click btn btn-primary ' rel='nofollow' href='#' data-downloadurl=\"https:\/\/www.bbs-alfeld.eu\/index.php\/download\/antrag-mitgliedschaft\/?wpdmdl=2494&refresh=69e05e127e0321776311826\">Download<\/a>\n            <\/div>\n        <\/div>\n    <\/div>\n<\/div>\n\n<\/div>\n\n\n\n<h3 class=\"wp-block-heading\">Vorstand<\/h3>\n\n\n\n<div class=\"wp-block-columns is-layout-flex wp-container-core-columns-is-layout-9d6595d7 wp-block-columns-is-layout-flex\">\n<div class=\"wp-block-column is-layout-flow wp-block-column-is-layout-flow\" style=\"flex-basis:33.33%\">\n<figure class=\"wp-block-image size-full is-resized is-style-rounded\"><img loading=\"lazy\" decoding=\"async\" width=\"641\" height=\"657\" src=\"https:\/\/www.bbs-alfeld.eu\/wp-content\/uploads\/2023\/11\/Mayla-Wussow-edited.jpeg\" alt=\"\" class=\"wp-image-2547\" style=\"object-fit:cover;width:163px;height:163px\" srcset=\"https:\/\/www.bbs-alfeld.eu\/wp-content\/uploads\/2023\/11\/Mayla-Wussow-edited.jpeg 641w, https:\/\/www.bbs-alfeld.eu\/wp-content\/uploads\/2023\/11\/Mayla-Wussow-edited-293x300.jpeg 293w\" sizes=\"auto, (max-width: 641px) 100vw, 641px\" \/><\/figure>\n<\/div>\n\n\n\n<div class=\"wp-block-column is-layout-flow wp-block-column-is-layout-flow\" style=\"flex-basis:66.66%\">\n<p><strong>Mayla Wussow<\/strong><\/p>\n\n\n\n<p>Vorsitzende<\/p>\n<\/div>\n<\/div>\n\n\n\n<hr class=\"wp-block-separator has-alpha-channel-opacity is-style-wide\"\/>\n\n\n\n<div class=\"wp-block-columns is-layout-flex wp-container-core-columns-is-layout-9d6595d7 wp-block-columns-is-layout-flex\">\n<div class=\"wp-block-column is-layout-flow wp-block-column-is-layout-flow\" style=\"flex-basis:33.33%\">\n<figure class=\"wp-block-image size-full is-resized is-style-rounded\"><img loading=\"lazy\" decoding=\"async\" width=\"868\" height=\"578\" src=\"https:\/\/www.bbs-alfeld.eu\/wp-content\/uploads\/2023\/11\/Ulrich-Schneider-edited.jpg\" alt=\"\" class=\"wp-image-2546\" style=\"object-fit:cover;width:163px;height:163px\" srcset=\"https:\/\/www.bbs-alfeld.eu\/wp-content\/uploads\/2023\/11\/Ulrich-Schneider-edited.jpg 868w, https:\/\/www.bbs-alfeld.eu\/wp-content\/uploads\/2023\/11\/Ulrich-Schneider-edited-300x200.jpg 300w, https:\/\/www.bbs-alfeld.eu\/wp-content\/uploads\/2023\/11\/Ulrich-Schneider-edited-768x511.jpg 768w\" sizes=\"auto, (max-width: 868px) 100vw, 868px\" \/><\/figure>\n<\/div>\n\n\n\n<div class=\"wp-block-column is-layout-flow wp-block-column-is-layout-flow\" style=\"flex-basis:66.66%\">\n<p><strong>Ulrich Schneider<\/strong><\/p>\n\n\n\n<p>1. Stellvertretender Vorsitzender<\/p>\n<\/div>\n<\/div>\n\n\n\n<hr class=\"wp-block-separator has-alpha-channel-opacity is-style-wide\"\/>\n\n\n\n<div class=\"wp-block-columns is-layout-flex wp-container-core-columns-is-layout-9d6595d7 wp-block-columns-is-layout-flex\">\n<div class=\"wp-block-column is-layout-flow wp-block-column-is-layout-flow\" style=\"flex-basis:33.33%\">\n<figure class=\"wp-block-image size-large is-resized is-style-rounded\"><img loading=\"lazy\" decoding=\"async\" width=\"642\" height=\"428\" src=\"https:\/\/www.bbs-alfeld.eu\/wp-content\/uploads\/2023\/11\/Birte-Brzezniak-edited-1.jpg\" alt=\"\" class=\"wp-image-2549\" style=\"object-fit:cover;width:163px;height:163px\" srcset=\"https:\/\/www.bbs-alfeld.eu\/wp-content\/uploads\/2023\/11\/Birte-Brzezniak-edited-1.jpg 642w, https:\/\/www.bbs-alfeld.eu\/wp-content\/uploads\/2023\/11\/Birte-Brzezniak-edited-1-300x200.jpg 300w\" sizes=\"auto, (max-width: 642px) 100vw, 642px\" \/><\/figure>\n<\/div>\n\n\n\n<div class=\"wp-block-column is-layout-flow wp-block-column-is-layout-flow\" style=\"flex-basis:66.66%\">\n<p><strong>Birte Brzezniak<\/strong><\/p>\n\n\n\n<p>2. Stellvertretende Vorsitzende<\/p>\n<\/div>\n<\/div>\n\n\n\n<hr class=\"wp-block-separator has-alpha-channel-opacity is-style-wide\"\/>\n\n\n\n<div class=\"wp-block-columns is-layout-flex wp-container-core-columns-is-layout-9d6595d7 wp-block-columns-is-layout-flex\">\n<div class=\"wp-block-column is-layout-flow wp-block-column-is-layout-flow\" style=\"flex-basis:33.33%\">\n<figure class=\"wp-block-image size-full is-resized is-style-rounded\"><img loading=\"lazy\" decoding=\"async\" width=\"150\" height=\"150\" src=\"https:\/\/www.bbs-alfeld.eu\/wp-content\/uploads\/2021\/10\/koehler.jpg\" alt=\"\" class=\"wp-image-331\" style=\"object-fit:cover;width:163px;height:163px\"\/><\/figure>\n<\/div>\n\n\n\n<div class=\"wp-block-column is-layout-flow wp-block-column-is-layout-flow\" style=\"flex-basis:66.66%\">\n<p><strong>Lars K\u00f6hler<\/strong><\/p>\n\n\n\n<p>Kassenwart<\/p>\n<\/div>\n<\/div>\n\n\n\n<hr class=\"wp-block-separator has-alpha-channel-opacity is-style-wide\"\/>\n\n\n\n<p><strong>Kontaktdaten:<\/strong><\/p>\n\n\n\n<p>F\u00f6rderverein BBS Alfeld e. V.<br>Hildesheimer Stra\u00dfe 55<br>05181 706 0<br>f&#111;&#x65;&#x72;d&#101;&#x72;&#x76;e&#114;&#x65;&#x69;n&#64;&#x62;&#x62;s&#45;&#x61;&#x6c;f&#101;&#108;&#x64;&#x2e;e&#117;<\/p>\n","protected":false},"excerpt":{"rendered":"<p>Der F\u00f6rderverein BBS Alfeld e. V. spielt eine wichtige Rolle bei der Entwicklung der Berufsbildende Schule Alfeld (Leine), indem wir Ressourcen, Kompetenzen und authentische Erfahrungen&hellip;<\/p>\n","protected":false},"author":3,"featured_media":0,"parent":0,"menu_order":0,"comment_status":"closed","ping_status":"closed","template":"","meta":{"ngg_post_thumbnail":0,"footnotes":""},"class_list":["post-2485","page","type-page","status-publish","hentry"],"_links":{"self":[{"href":"https:\/\/www.bbs-alfeld.eu\/index.php\/wp-json\/wp\/v2\/pages\/2485","targetHints":{"allow":["GET"]}}],"collection":[{"href":"https:\/\/www.bbs-alfeld.eu\/index.php\/wp-json\/wp\/v2\/pages"}],"about":[{"href":"https:\/\/www.bbs-alfeld.eu\/index.php\/wp-json\/wp\/v2\/types\/page"}],"author":[{"embeddable":true,"href":"https:\/\/www.bbs-alfeld.eu\/index.php\/wp-json\/wp\/v2\/users\/3"}],"replies":[{"embeddable":true,"href":"https:\/\/www.bbs-alfeld.eu\/index.php\/wp-json\/wp\/v2\/comments?post=2485"}],"version-history":[{"count":8,"href":"https:\/\/www.bbs-alfeld.eu\/index.php\/wp-json\/wp\/v2\/pages\/2485\/revisions"}],"predecessor-version":[{"id":2642,"href":"https:\/\/www.bbs-alfeld.eu\/index.php\/wp-json\/wp\/v2\/pages\/2485\/revisions\/2642"}],"wp:attachment":[{"href":"https:\/\/www.bbs-alfeld.eu\/index.php\/wp-json\/wp\/v2\/media?parent=2485"}],"curies":[{"name":"wp","href":"https:\/\/api.w.org\/{rel}","templated":true}]}}