{"id":2773,"date":"2024-09-17T08:19:01","date_gmt":"2024-09-17T06:19:01","guid":{"rendered":"https:\/\/www.bbs-alfeld.eu\/?page_id=2773"},"modified":"2026-04-08T10:45:25","modified_gmt":"2026-04-08T08:45:25","slug":"bfsdual","status":"publish","type":"page","link":"https:\/\/www.bbs-alfeld.eu\/index.php\/bfsdual\/","title":{"rendered":"BFSdual"},"content":{"rendered":"<a target='_blank'     href='https:\/\/www.bbs-alfeld.eu\/?wpdmdl=2781'>Flyer herunterladen<\/a>\n\n\n\n<p><strong>\u00c4nderungen bei BFS dual ab dem Schuljahr 2026\/27<\/strong><\/p>\n\n\n\n<p>Die&nbsp;Berufsfachschule (BFS) dual wurde in diesem Schuljahr an den BBS Alfeld eingef\u00fchrt. Ziel ist es, Jugendlichen \u00fcber Orientierungsphasen und Praktika den Weg in die duale Berufsausbildung zu erleichtern, beziehungsweise den \u00dcbergang in Klasse 12 der Fachoberschule zu unterst\u00fctzen.&nbsp;<br>Nun gibt es eine grundlegende \u00c4nderung: Am Montag (16.02.) hat die Kultusministerin per Brief entschieden, dass die BFS dual und die Fachoberschule Klasse 11 ab dem Schuljahr 2026\/2027 wieder als zwei getrennte Schulformen gef\u00fchrt werden.<\/p>\n\n\n\n<p>Die BFS dual bleibt als Bildungsgang mit Orientierungsphase und Praktika bestehen. Den bisherigen F-Strang im 2. Halbjahr wird es so nicht mehr geben. Er wird ersetzt durch die Fachoberschule Klasse 11 mit klarem Fokus auf den Weg in Richtung Fachhochschulreife. In der BFS dual steht dagegen weiterhin die Vorbereitung auf die duale Berufsausbildung im Zentrum.<\/p>\n\n\n\n<p>F\u00fcr die BBS Alfeld und alle anderen BBSen kam die Entscheidung zu einem Zeitpunkt, an dem die Anmeldeverfahren bereits liefen. Entsprechend gro\u00df war die \u00dcberraschung \u00fcber die kurzfristige Neuordnung.&nbsp;<\/p>\n\n\n\n<p>Bei der Schulleitung steht die Verantwortung f\u00fcr alle Sch\u00fclerinnen und Sch\u00fcler im Vordergrund. Es wird sichergestellt, dass f\u00fcr alle ein entsprechender Bildungsgang gefunden wird. <\/p>\n\n\n\n<p>Sobald den Schulen alle relevanten Informationen vom Kultusministerium zur Verf\u00fcgung gestellt worden sind, werden Sie \u00fcber das weitere Vorgehen informiert. Sehen Sie aktuell bitte von individuellen Anfragen ab, wir werden alle Bewerberinnen und Bewerber zeitnah \u00fcber das weitere Vorgehen informieren.<\/p>\n\n\n\n<p>Alle anderen Bildungsg\u00e4nge unserer Schule sind von den \u00c4nderungen nicht betroffen, sodass das Bewerbungsverfahren wie geplant abl\u00e4uft.  <\/p>\n\n\n\n<figure class=\"wp-block-image size-full is-style-default\"><img loading=\"lazy\" decoding=\"async\" width=\"1500\" height=\"500\" src=\"https:\/\/www.bbs-alfeld.eu\/wp-content\/uploads\/2024\/09\/image.png\" alt=\"\" class=\"wp-image-2774\" srcset=\"https:\/\/www.bbs-alfeld.eu\/wp-content\/uploads\/2024\/09\/image.png 1500w, https:\/\/www.bbs-alfeld.eu\/wp-content\/uploads\/2024\/09\/image-300x100.png 300w, https:\/\/www.bbs-alfeld.eu\/wp-content\/uploads\/2024\/09\/image-1024x341.png 1024w, https:\/\/www.bbs-alfeld.eu\/wp-content\/uploads\/2024\/09\/image-768x256.png 768w\" sizes=\"auto, (max-width: 1500px) 100vw, 1500px\" \/><\/figure>\n","protected":false},"excerpt":{"rendered":"<p>\u00c4nderungen bei BFS dual ab dem Schuljahr 2026\/27 Die&nbsp;Berufsfachschule (BFS) dual wurde in diesem Schuljahr an den BBS Alfeld eingef\u00fchrt. Ziel ist es, Jugendlichen \u00fcber&hellip;<\/p>\n","protected":false},"author":3,"featured_media":0,"parent":0,"menu_order":0,"comment_status":"closed","ping_status":"closed","template":"","meta":{"ngg_post_thumbnail":0,"footnotes":""},"class_list":["post-2773","page","type-page","status-publish","hentry"],"_links":{"self":[{"href":"https:\/\/www.bbs-alfeld.eu\/index.php\/wp-json\/wp\/v2\/pages\/2773","targetHints":{"allow":["GET"]}}],"collection":[{"href":"https:\/\/www.bbs-alfeld.eu\/index.php\/wp-json\/wp\/v2\/pages"}],"about":[{"href":"https:\/\/www.bbs-alfeld.eu\/index.php\/wp-json\/wp\/v2\/types\/page"}],"author":[{"embeddable":true,"href":"https:\/\/www.bbs-alfeld.eu\/index.php\/wp-json\/wp\/v2\/users\/3"}],"replies":[{"embeddable":true,"href":"https:\/\/www.bbs-alfeld.eu\/index.php\/wp-json\/wp\/v2\/comments?post=2773"}],"version-history":[{"count":4,"href":"https:\/\/www.bbs-alfeld.eu\/index.php\/wp-json\/wp\/v2\/pages\/2773\/revisions"}],"predecessor-version":[{"id":3367,"href":"https:\/\/www.bbs-alfeld.eu\/index.php\/wp-json\/wp\/v2\/pages\/2773\/revisions\/3367"}],"wp:attachment":[{"href":"https:\/\/www.bbs-alfeld.eu\/index.php\/wp-json\/wp\/v2\/media?parent=2773"}],"curies":[{"name":"wp","href":"https:\/\/api.w.org\/{rel}","templated":true}]}}

<a target='_blank'     href='https://www.bbs-alfeld.eu/?wpdmdl=2781'>Flyer herunterladen</a>



<p><strong>Änderungen bei BFS dual ab dem Schuljahr 2026/27</strong></p>



<p>Die&nbsp;Berufsfachschule (BFS) dual wurde in diesem Schuljahr an den BBS Alfeld eingeführt. Ziel ist es, Jugendlichen über Orientierungsphasen und Praktika den Weg in die duale Berufsausbildung zu erleichtern, beziehungsweise den Übergang in Klasse 12 der Fachoberschule zu unterstützen.&nbsp;<br>Nun gibt es eine grundlegende Änderung: Am Montag (16.02.) hat die Kultusministerin per Brief entschieden, dass die BFS dual und die Fachoberschule Klasse 11 ab dem Schuljahr 2026/2027 wieder als zwei getrennte Schulformen geführt werden.</p>



<p>Die BFS dual bleibt als Bildungsgang mit Orientierungsphase und Praktika bestehen. Den bisherigen F-Strang im 2. Halbjahr wird es so nicht mehr geben. Er wird ersetzt durch die Fachoberschule Klasse 11 mit klarem Fokus auf den Weg in Richtung Fachhochschulreife. In der BFS dual steht dagegen weiterhin die Vorbereitung auf die duale Berufsausbildung im Zentrum.</p>



<p>Für die BBS Alfeld und alle anderen BBSen kam die Entscheidung zu einem Zeitpunkt, an dem die Anmeldeverfahren bereits liefen. Entsprechend groß war die Überraschung über die kurzfristige Neuordnung.&nbsp;</p>



<p>Bei der Schulleitung steht die Verantwortung für alle Schülerinnen und Schüler im Vordergrund. Es wird sichergestellt, dass für alle ein entsprechender Bildungsgang gefunden wird. </p>



<p>Sobald den Schulen alle relevanten Informationen vom Kultusministerium zur Verfügung gestellt worden sind, werden Sie über das weitere Vorgehen informiert. Sehen Sie aktuell bitte von individuellen Anfragen ab, wir werden alle Bewerberinnen und Bewerber zeitnah über das weitere Vorgehen informieren.</p>



<p>Alle anderen Bildungsgänge unserer Schule sind von den Änderungen nicht betroffen, sodass das Bewerbungsverfahren wie geplant abläuft.  </p>



<figure class="wp-block-image size-full is-style-default"><img loading="lazy" decoding="async" width="1500" height="500" src="https://www.bbs-alfeld.eu/wp-content/uploads/2024/09/image.png" alt="" class="wp-image-2774" srcset="https://www.bbs-alfeld.eu/wp-content/uploads/2024/09/image.png 1500w, https://www.bbs-alfeld.eu/wp-content/uploads/2024/09/image-300x100.png 300w, https://www.bbs-alfeld.eu/wp-content/uploads/2024/09/image-1024x341.png 1024w, https://www.bbs-alfeld.eu/wp-content/uploads/2024/09/image-768x256.png 768w" sizes="auto, (max-width: 1500px) 100vw, 1500px" /></figure>

<p>Änderungen bei BFS dual ab dem Schuljahr 2026/27 Die&nbsp;Berufsfachschule (BFS) dual wurde in diesem Schuljahr an den BBS Alfeld eingeführt. Ziel ist es, Jugendlichen über&hellip;</p>
